{"id":2,"date":"2024-01-10T19:51:04","date_gmt":"2024-01-10T19:51:04","guid":{"rendered":"https:\/\/montagebedrijfvet.com\/?page_id=2"},"modified":"2024-02-13T17:07:00","modified_gmt":"2024-02-13T17:07:00","slug":"sample-page","status":"publish","type":"page","link":"https:\/\/montagebedrijfvet.com\/?page_id=2","title":{"rendered":"legbordstelling verrijden"},"content":{"rendered":"\n<p><strong>Specialisten van vollelegbordstelling verplaatsen<\/strong><\/p>\n\n\n\n<p>VERRIJDEN&nbsp;VAN&nbsp;VOLLE&nbsp;LEGBORDSTELLINGEN&nbsp;IN&nbsp;MAGAZIJNEN<\/p>\n\n\n\n<div class=\"wp-block-group\"><div class=\"wp-block-group__inner-container is-layout-constrained wp-block-group-is-layout-constrained\">\n<figure class=\"wp-block-image size-large is-resized\"><img fetchpriority=\"high\" decoding=\"async\" width=\"1024\" height=\"313\" src=\"https:\/\/montagebedrijfvet.com\/wp-content\/uploads\/2024\/01\/legbord-stelling-1024x313.jpg\" alt=\"\" class=\"wp-image-133\" style=\"width:844px;height:auto\" srcset=\"https:\/\/montagebedrijfvet.com\/wp-content\/uploads\/2024\/01\/legbord-stelling-1024x313.jpg 1024w, https:\/\/montagebedrijfvet.com\/wp-content\/uploads\/2024\/01\/legbord-stelling-600x183.jpg 600w, https:\/\/montagebedrijfvet.com\/wp-content\/uploads\/2024\/01\/legbord-stelling-300x92.jpg 300w, https:\/\/montagebedrijfvet.com\/wp-content\/uploads\/2024\/01\/legbord-stelling-768x234.jpg 768w, https:\/\/montagebedrijfvet.com\/wp-content\/uploads\/2024\/01\/legbord-stelling-1536x469.jpg 1536w, https:\/\/montagebedrijfvet.com\/wp-content\/uploads\/2024\/01\/legbord-stelling.jpg 2048w\" sizes=\"(max-width: 1024px) 100vw, 1024px\" \/><\/figure>\n<\/div><\/div>\n\n\n\n<p>VERRIJDEN&nbsp;VAN&nbsp;VOLLE&nbsp;WINKELSTELLINGEN&nbsp;IN&nbsp;BOUW&nbsp;EN&nbsp;SUPERMARKTEN<br>&nbsp;<br>&nbsp;\u201cVET&nbsp;verzorgt uw volledige verhuizing\u201d<br>U hebt ongetwijfeld weleens te maken gehad met een herinrichting in uw bedrijf. Plots zorgen uw stellingen niet voor gemak, maar bezorgen ze u de nodige problemen. Want waar laat u deze stellingen tijdens de werkzaamheden? En wat doet u met de producten in de schappen? Vraagstukken waar&nbsp;VET&nbsp;prima raad mee weet.<br>VET&nbsp;heeft een uniek systeem, waarmee uw verbouwing letterlijk op rolletjes loopt. Stelt u zich eens voor: geen schappen leeghalen, maar direct de stelling verplaatsen van A naar B. Snel en effici\u00ebnt, want in \u00e9\u00e9n avond ondergaat uw complete winkelinrichting een metamorfose.<\/p>\n\n\n\n<figure class=\"wp-block-embed is-type-video is-provider-youtube wp-block-embed-youtube wp-embed-aspect-16-9 wp-has-aspect-ratio\"><div class=\"wp-block-embed__wrapper\">\n<iframe title=\"Verrijden van legbordstellingen [timelapse]\" width=\"500\" height=\"281\" src=\"https:\/\/www.youtube.com\/embed\/401shwiW5LA?feature=oembed\" frameborder=\"0\" allow=\"accelerometer; autoplay; clipboard-write; encrypted-media; gyroscope; picture-in-picture; web-share\" referrerpolicy=\"strict-origin-when-cross-origin\" allowfullscreen><\/iframe>\n<\/div><figcaption class=\"wp-element-caption\">&nbsp;<br><\/figcaption><\/figure>\n\n\n\n<figure class=\"wp-block-gallery has-nested-images columns-default is-cropped wp-block-gallery-1 is-layout-flex wp-block-gallery-is-layout-flex\">\n<figure class=\"wp-block-image size-large\"><img decoding=\"async\" width=\"1024\" height=\"719\" data-id=\"217\" src=\"https:\/\/montagebedrijfvet.com\/wp-content\/uploads\/2024\/01\/Biomet-nieuwe-situatie-1024x719.png\" alt=\"\" class=\"wp-image-217\" srcset=\"https:\/\/montagebedrijfvet.com\/wp-content\/uploads\/2024\/01\/Biomet-nieuwe-situatie-1024x719.png 1024w, https:\/\/montagebedrijfvet.com\/wp-content\/uploads\/2024\/01\/Biomet-nieuwe-situatie-600x421.png 600w, https:\/\/montagebedrijfvet.com\/wp-content\/uploads\/2024\/01\/Biomet-nieuwe-situatie-300x211.png 300w, https:\/\/montagebedrijfvet.com\/wp-content\/uploads\/2024\/01\/Biomet-nieuwe-situatie-768x539.png 768w, https:\/\/montagebedrijfvet.com\/wp-content\/uploads\/2024\/01\/Biomet-nieuwe-situatie.png 1139w\" sizes=\"(max-width: 1024px) 100vw, 1024px\" \/><\/figure>\n<\/figure>\n","protected":false},"excerpt":{"rendered":"<p>Specialisten van vollelegbordstelling verplaatsen VERRIJDEN&nbsp;VAN&nbsp;VOLLE&nbsp;LEGBORDSTELLINGEN&nbsp;IN&nbsp;MAGAZIJNEN VERRIJDEN&nbsp;VAN&nbsp;VOLLE&nbsp;WINKELSTELLINGEN&nbsp;IN&nbsp;BOUW&nbsp;EN&nbsp;SUPERMARKTEN&nbsp;&nbsp;\u201cVET&nbsp;verzorgt uw volledige verhuizing\u201dU hebt ongetwijfeld weleens te maken gehad met een herinrichting in uw bedrijf. Plots zorgen uw stellingen niet voor gemak, maar bezorgen&hellip;<\/p>\n","protected":false},"author":1,"featured_media":0,"parent":0,"menu_order":0,"comment_status":"closed","ping_status":"open","template":"","meta":{"_regular_price":[],"currency_symbol":[],"footnotes":""},"class_list":["post-2","page","type-page","status-publish","hentry"],"post_slider_layout_featured_media_urls":{"thumbnail":"","post_slider_layout_landscape_large":"","post_slider_layout_portrait_large":"","post_slider_layout_square_large":"","post_slider_layout_landscape":"","post_slider_layout_portrait":"","post_slider_layout_square":"","full":""},"_links":{"self":[{"href":"https:\/\/montagebedrijfvet.com\/index.php?rest_route=\/wp\/v2\/pages\/2","targetHints":{"allow":["GET"]}}],"collection":[{"href":"https:\/\/montagebedrijfvet.com\/index.php?rest_route=\/wp\/v2\/pages"}],"about":[{"href":"https:\/\/montagebedrijfvet.com\/index.php?rest_route=\/wp\/v2\/types\/page"}],"author":[{"embeddable":true,"href":"https:\/\/montagebedrijfvet.com\/index.php?rest_route=\/wp\/v2\/users\/1"}],"replies":[{"embeddable":true,"href":"https:\/\/montagebedrijfvet.com\/index.php?rest_route=%2Fwp%2Fv2%2Fcomments&post=2"}],"version-history":[{"count":18,"href":"https:\/\/montagebedrijfvet.com\/index.php?rest_route=\/wp\/v2\/pages\/2\/revisions"}],"predecessor-version":[{"id":339,"href":"https:\/\/montagebedrijfvet.com\/index.php?rest_route=\/wp\/v2\/pages\/2\/revisions\/339"}],"wp:attachment":[{"href":"https:\/\/montagebedrijfvet.com\/index.php?rest_route=%2Fwp%2Fv2%2Fmedia&parent=2"}],"curies":[{"name":"wp","href":"https:\/\/api.w.org\/{rel}","templated":true}]}}